factors of 8437250.
2, 5, 33749
What are the prime factors of 72572?
2, 18143
List the prime factors of 1127812.
2, 7, 47, 857
What are the prime factors of 8269?
8269
What are the prime factors of 959606?
2, 23, 907
List the prime factors of 7962949.
839, 9491
What are the prime factors of 321961?
321961
List the prime factors of 2507469.
3, 835823
List the prime factors of 6202578.
2, 3, 29, 43, 829
What are the prime factors of 24008474?
2, 7, 1714891
What are the prime factors of 183407?
7, 19, 197
What are the prime factors of 78904?
2, 7, 1409
What are the prime factors of 940828?
2, 7, 33601
What are the prime factors of 13086501?
3, 4362167
What are the prime factors of 7878736?
2, 492421
What are the prime factors of 304530?
2, 3, 5, 10151
List the prime factors of 20226411.
3, 2247379
List the prime factors of 647721.
3, 79, 911
List the prime factors of 21628911.
3, 7209637
List the prime factors of 1940073.
3, 23, 31, 907
List the prime factors of 10188557.
109, 211, 443
What are the prime factors of 564365?
5, 41, 2753
List the prime factors of 387358.
2, 193679
List the prime factors of 20826037.
17, 1225061
List the prime factors of 1399490.
2, 5, 349, 401
List the prime factors of 721726.
2, 360863
What are the prime factors of 1250123?
7, 271, 659
List the prime factors of 2278010.
2, 5, 7, 4649
What are the prime factors of 7652669?
17, 101, 4457
What are the prime factors of 179660?
2, 5, 13, 691
What are the prime factors of 627655?
5, 7, 79, 227
List the prime factors of 1559.
1559
What are the prime factors of 5243273?
7, 47, 15937
List the prime factors of 8418505.
5, 733, 2297
List the prime factors of 358308.
2, 3, 37, 269
What are the prime factors of 913853?
913853
List the prime factors of 2239927.
601, 3727
List the prime factors of 362215.
5, 7, 79, 131
What are the prime factors of 584575?
5, 67, 349
What are the prime factors of 149621?
157, 953
List the prime factors of 4183164.
2, 3, 12911
What are the prime factors of 22418061?
3, 101, 241, 307
List the prime factors of 225069.
3, 13, 29, 199
List the prime factors of 14859754.
2, 7, 13, 81647
List the prime factors of 12931503.
3, 13, 331577
List the prime factors of 66515.
5, 53, 251
What are the prime factors of 374831?
23, 43, 379
List the prime factors of 91956.
2, 3, 79, 97
List the prime factors of 971871.
3, 323957
List the prime factors of 25282938.
2, 3, 881, 4783
What are the prime factors of 341857?
103, 3319
List the prime factors of 6447561.
3, 2149187
List the prime factors of 228281.
228281
What are the prime factors of 1051892?
2, 17, 31, 499
What are the prime factors of 171266?
2, 19, 4507
What are the prime factors of 429133?
31, 109, 127
What are the prime factors of 14630146?
2, 127, 239, 241
What are the prime factors of 301246?
2, 11, 13693
What are the prime factors of 371451?
3, 123817
List the prime factors of 4724974.
2, 37, 67, 953
What are the prime factors of 601598?
2, 300799
What are the prime factors of 406050?
2, 3, 5, 2707
What are the prime factors of 310261?
7, 127, 349
List the prime factors of 409829.
7, 127, 461
What are the prime factors of 333835?
5, 179, 373
What are the prime factors of 1360646?
2, 7, 17, 5717
List the prime factors of 130127.
130127
List the prime factors of 386643.
3, 359
What are the prime factors of 895930?
2, 5, 7, 12799
What are the prime factors of 5205?
3, 5, 347
List the prime factors of 1387368.
2, 3, 2141
List the prime factors of 2523188.
2, 630797
List the prime factors of 525782.
2, 151, 1741
What are the prime factors of 42215373?
3, 23, 109, 1871
List the prime factors of 99405.
3, 5, 47
What are the prime factors of 34900918?
2, 13, 1342343
List the prime factors of 271060.
2, 5, 13553
What are the prime factors of 8688030?
2, 3, 5, 13, 22277
List the prime factors of 2461786.
2, 293, 4201
What are the prime factors of 2250652?
2, 562663
List the prime factors of 227789.
227789
What are the prime factors of 8549594?
2, 4274797
List the prime factors of 4497750.
2, 3, 5, 1999
List the prime factors of 10202055.
3, 5, 29, 47, 499
List the prime factors of 38006322.
2, 3, 17, 372611
List the prime factors of 1006198.
2, 31, 16229
List the prime factors of 2103994.
2, 23, 53, 863
What are the prime factors of 6133392?
2, 3, 191, 223
What are the prime factors of 5953522?
2, 37, 43, 1871
List the prime factors of 1139173.
7, 162739
What are the prime factors of 6574382?
2, 37, 88843
What are the prime factors of 167240?
2, 5, 37, 113
List the prime factors of 3055828.
2, 763957
What are the prime factors of 13390546?
2, 13, 173, 229
What are the prime factors of 3795421?
7, 19, 28537
List the prime factors of 181655.
5, 47, 773
List the prime factors of 1318732.
2, 329683
List the prime factors of 662039.
7, 59, 229
What are the prime factors of 150213?
3, 7, 23, 311
List the prime factors of 5751426.
2, 3, 23, 71, 587
What are the prime factors of 226262?
2, 113131
What are the prime factors of 8953865?
5, 373, 4801
What are the prime factors of 189243?
3, 43, 163
What are the prime factors of 244410?
2, 3, 5, 8147
What are the prime factors of 2694955?
5, 223, 2417
List the prime factors of 816725.
5, 7, 13, 359
What are the prime factors of 576373?
7, 82339
What are the prime factors of 88487?
7, 12641
List the prime factors of 4165348.
2, 11, 137, 691
What are the prime factors of 3814497?
3, 19, 22307
What are the prime factors of 4166783?
373, 11171
What are the prime factors of 334050?
2, 3, 5, 17, 131
List the prime factors of 130887.
3, 14543
List the prime factors of 270275.
5, 19, 569
What are the prime factors of 214732?
2, 7, 7669
List the prime factors of 27932.
2, 6983
List the prime factors of 10570166.
2, 109, 48487
List the prime factors of 22644532.
2, 109, 167, 311
What are the prime factors of 12813223?
17, 753719
List the prime factors of 13987103.
13, 887, 1213
List the prime factors of 2964784.
2, 185299
What are the prime factors of 1427474?
2, 713737
What are the prime factors of 171325?
5, 7, 11, 89
List the prime factors of 462961.
17, 113, 241
List the prime factors of 2832511.
11, 257501
What are the prime factors of 388519?
388519
List the prime factors of 13934349.
3, 11, 13, 401
What are the prime factors of 6650641?
47, 71, 1993
List the prime factors of 330201.
3, 19, 1931
List the prime factors of 1455111.
3, 7, 7699
What are the prime factors of 1599231?
3, 533077
List the prime factors of 9630820.
2, 5, 443, 1087
List the prime factors of 418732.
2, 104683
What are the prime factors of 344138?
2, 172069
List the prime factors of 19228328.
2, 7, 107, 3209
What are the prime factors of 7703401?
547, 14083
List the prime factors of 2600080.
2, 5, 7, 4643
What are the prime factors of 8192934?
2, 3, 173, 877
What are the prime factors of 1147817?
11, 104347
List the prime factors of 5579036.
2, 113, 12343
What are the prime factors of 170996?
2, 7, 31, 197
What are the prime factors of 1034649?
3, 7, 11, 1493
What are the prime factors of 136351?
136351
List the prime factors of 198482.
2, 99241
What are the prime factors of 31606?
2, 15803
List the prime factors of 10378.
2, 5189
What are the prime factors of 17194047?
3, 13, 41, 10753
List the prime factors of 445338.
2, 3, 2749
List the prime factors of 1824806.
2, 912403
What are the prime factors of 1180850?
2, 5, 11, 19, 113
List the prime factors of 382895.
5, 76579
What are the prime factors of 370602?
2, 3, 6863
List the prime factors of 1094030.
2, 5, 7, 15629
What are the prime factors of 1248576?
2, 3, 7, 929
List the prime factors of 333586.
2, 11, 59, 257
List the prime factors of 2896121.
2896121
List the prime factors of 1391148.
2, 3, 11, 1171
What are the prime factors of 5635839?
3, 11, 67, 2549
List the prime factors of 666276.
2, 3, 13, 4271
What are the prime factors of 706410?
2, 3, 5, 47, 167
What are the prime factors of 247316?
2, 17, 3637
What are the prime factors of 250641?
3, 9283
List the prime factors of 129629.
129629
What are the prime factors of 3458694?
2, 3, 23, 71, 353
List the prime factors of 1263908.
2, 315977
List the prime factors of 205429.
7, 29347
List the prime factors of 625690.
2, 5, 13, 4813
List the prime factors of 5747357.
7, 11, 10663
List the p